ate the highest common divisor of 63 and 819.
63
What is the highest common divisor of 1674 and 12?
6
What is the greatest common divisor of 11 and 3?
1
What is the greatest common divisor of 492 and 96?
12
Calculate the highest common divisor of 141 and 3901.
47
Calculate the highest common divisor of 102 and 1377.
51
What is the greatest common factor of 141 and 6956?
47
What is the greatest common divisor of 16 and 368?
16
Calculate the highest common factor of 28 and 35.
7
Calculate the highest common factor of 348 and 18.
6
Calculate the greatest common divisor of 51 and 51.
51
What is the highest common divisor of 133 and 19?
19
What is the greatest common divisor of 210 and 84?
42
What is the greatest common factor of 135 and 108?
27
What is the highest common factor of 651 and 63?
21
What is the greatest common divisor of 852 and 24?
12
Calculate the highest common factor of 36 and 3036.
12
What is the greatest common divisor of 2162 and 376?
94
What is the greatest common divisor of 14 and 3668?
14
Calculate the greatest common divisor of 350 and 50.
50
Calculate the greatest common divisor of 341 and 22.
11
Calculate the highest common factor of 5 and 520.
5
Calculate the greatest common divisor of 240 and 3405.
15
Calculate the highest common factor of 200 and 8.
8
Calculate the greatest common divisor of 6 and 4.
2
Calculate the greatest common divisor of 280 and 21.
7
Calculate the greatest common divisor of 365 and 25.
5
What is the greatest common divisor of 4 and 412?
4
Calculate the highest common factor of 774 and 27.
9
Calculate the greatest common divisor of 273 and 39.
39
What is the highest common divisor of 123 and 41?
41
What is the greatest common divisor of 115 and 25?
5
Calculate the greatest common factor of 49522 and 22.
22
Calculate the greatest common divisor of 63 and 861.
21
What is the highest common divisor of 5 and 40?
5
Calculate the greatest common divisor of 260 and 2260.
20
Calculate the highest common divisor of 1288 and 63.
7
Calculate the highest common divisor of 50 and 190.
10
What is the highest common factor of 24978 and 138?
138
What is the highest common divisor of 248 and 775?
31
What is the greatest common divisor of 2142 and 3332?
238
What is the highest common divisor of 518 and 296?
74
Calculate the highest common divisor of 2716 and 140.
28
Calculate the highest common divisor of 177 and 45253.
59
What is the greatest common factor of 123 and 9?
3
What is the highest common factor of 2655 and 59?
59
What is the greatest common divisor of 55 and 10230?
55
Calculate the highest common factor of 1902 and 6.
6
Calculate the highest common divisor of 23 and 2323.
23
Calculate the highest common factor of 221 and 26.
13
Calculate the highest common divisor of 7 and 30.
1
What is the greatest common divisor of 25 and 160?
5
What is the greatest common factor of 252 and 60?
12
Calculate the highest common factor of 288 and 64.
32
What is the greatest common divisor of 3144 and 168?
24
What is the greatest common factor of 12 and 54?
6
What is the greatest common divisor of 2684 and 2196?
244
Calculate the highest common factor of 180 and 40.
20
Calculate the highest common factor of 448 and 192.
64
Calculate the greatest common factor of 44 and 748.
44
What is the highest common divisor of 216 and 702?
54
What is the greatest common factor of 12 and 48?
12
What is the highest common divisor of 8153 and 31?
31
What is the greatest common factor of 54 and 1485?
27
Calculate the highest common factor of 16 and 184.
8
What is the greatest common factor of 42 and 12873?
21
Calculate the greatest common divisor of 50 and 25.
25
What is the greatest common factor of 32 and 10?
2
What is the highest common divisor of 225 and 90?
45
What is the highest common factor of 13892 and 46?
46
What is the greatest common divisor of 1898 and 182?
26
What is the greatest common factor of 8 and 2024?
8
Calculate the highest common divisor of 2384 and 6854.
298
What is the greatest common factor of 245 and 8400?
35
What is the greatest common factor of 38 and 4?
2
What is the highest common factor of 525 and 21?
21
Calculate the highest common divisor of 20 and 664.
4
Calculate the greatest common divisor of 1015 and 551.
29
What is the greatest common factor of 15 and 4145?
5
Calculate the highest common factor of 110 and 140.
10
What is the greatest common divisor of 370 and 592?
74
What is the greatest common divisor of 927 and 103?
103
Calculate the highest common factor of 74 and 2.
2
What is the highest common factor of 26331 and 201?
201
Calculate the highest common factor of 2204 and 76.
76
Calculate the greatest common factor of 330 and 1254.
66
Calculate the greatest common divisor of 3454 and 110.
22
What is the greatest common divisor of 119 and 442?
17
What is the greatest common divisor of 33100 and 100?
100
What is the greatest common divisor of 12650 and 110?
110
What is the highest common divisor of 4850 and 194?
194
What is the greatest common factor of 45 and 63?
9
What is the greatest common factor of 77 and 3322?
11
Calculate the highest common divisor of 35 and 150.
5
Calculate the highest common divisor of 2028 and 12.
12
What is the greatest common divisor of 50 and 1550?
50
What is the greatest common factor of 812 and 3364?
116
What is the highest common factor of 1170 and 750?
30
What is the highest common divisor of 441 and 196?
49
What is the highest common factor of 3080 and 330?
110
What is the highest common factor of 86946 and 258?
258
Calculate the greatest common factor of 481 and 1651.
13
Calculate the highest common divisor of 117 and 801.
9
What is the greatest common divisor of 70 and 9800?
70
Calculate the highest common divisor of 22548 and 24.
12
Calculate the greatest common divisor of 987 and 21.
21
What is the greatest common factor of 3871 and 49?
49
What is the greatest common factor of 8 and 4712?
8
Calculate the highest common divisor of 36 and 5268.
12
What is the highest common divisor of 9070 and 10?
10
Calculate the highest common factor of 20 and 260.
20
Calculate the highest common factor of 399 and 741.
57
Calculate the greatest common factor of 2888 and 152.
152
Calculate the highest common divisor of 164 and 38212.
164
Calculate the highest common factor of 280 and 42.
14
What is the greatest common factor of 1712 and 107?
107
Calculate the highest common divisor of 1917 and 189.
27
Calculate the highest common divisor of 87 and 97179.
87
Calculate the highest common factor of 4719 and 242.
121
Calculate the greatest common factor of 40871 and 23.
23
What is the highest common divisor of 7641 and 27?
27
Calculate the highest common divisor of 836 and 2068.
44
Calculate the greatest common factor of 214 and 4.
2
Calculate the highest common factor of 376 and 2.
2
Calculate the greatest common factor of 96 and 48.
48
Calculate the greatest common divisor of 17 and 10217.
17
Calculate the highest common factor of 60 and 1220.
20
Calculate the greatest common factor of 152 and 1311.
19
Calculate the greatest common factor of 16 and 496.
16
What is the highest common divisor of 9 and 486?
9
Calculate the highest common factor of 171 and 551.
19
What is the highest common divisor of 48 and 152?
8
Calculate the highest common factor of 10900 and 75.
25
Calculate the greatest common divisor of 3159 and 486.
243
What is the highest common factor of 3725 and 25?
25
What is the highest common divisor of 7504 and 504?
56
Calculate the highest common divisor of 90 and 1310.
10
What is the greatest common divisor of 230 and 2510?
10
What is the highest common factor of 12564 and 36?
36
What is the highest common divisor of 336 and 1904?
112
What is the greatest common divisor of 42154 and 28?
14
What is the greatest common divisor of 1643 and 159?
53
Calculate the highest common factor of 12 and 132.
12
What is the greatest common factor of 416 and 1280?
32
What is the greatest common divisor of 1647 and 61?
61
What is the greatest common divisor of 161 and 7?
7
What is the greatest common factor of 1323 and 54?
27
What is the greatest common divisor of 5 and 13465?
5
Calculate the greatest common factor of 408 and 312.
24
What is the greatest common divisor of 49 and 7